c - 29 = 0, 34 + 42 = q*j + 4*c. What is the remainder when j is divided by 0 - 1*-1 - -8?
7
Calculate the remainder when ((-2)/(-4))/(3/90) is divided by (-29)/(-3) - (-10)/(-15).
6
Let r = 5 + 3. Suppose -n + 2*n = r. Calculate the remainder when n is divided by 5.
3
Suppose 0 = -o + 2*o + 8. Let w be (-2)/o + (-44)/(-16). Suppose -5*m + 28 = w. What is the remainder when 8 is divided by m?
3
Suppose 0*p + 185 = 5*p. Suppose 5*j - 6 = 3*j - n, 5*j - p = 3*n. What is the remainder when j is divided by 2?
1
Let f = 40 + -21. What is the remainder when f is divided by 5?
4
Suppose 0 = -4*k + 2*k + 18. Calculate the remainder when 33 is divided by k.
6
Let d(n) = n**3 - n. Suppose -l = -3*t - 8, -l + 4 = -t - 0*t. What is the remainder when 15 is divided by d(l)?
3
Calculate the remainder when 16 is divided by 1 + (31/4 - (-3)/12).
7
Let m be 14*(15/6 + -2). Let d = 0 + m. Suppose 3*y = d + 17. What is the remainder when 23 is divided by y?
7
Let g(a) = a**2 + 7*a + 2. Let j be g(-7). Suppose -2*z + 7*k = 4*k - 38, 0 = j*z + 5*k - 6. Calculate the remainder when 62 is divided by z.
10
Suppose -6*a = -2*a - 16. Suppose -a*b + 0*b + 16 = 2*p, 2*p + b = 28. Calculate the remainder when 46 is divided by p.
14
Suppose 22 - 2 = s + 5*w, 0 = -2*s - w + 22. Suppose -6*t + t = -s. Calculate the remainder when t is divided by 1.
0
Suppose -9*q + 4*q - 2*m + 27 = 0, -3*m + 16 = 4*q. What is the remainder when 27 is divided by q?
6
Let i(m) = m**2 + 6*m + 11. What is the remainder when i(-5) is divided by 3?
0
Let c(u) = -2*u + 7. Let r be (-2)/9 + (-248)/18. What is the remainder when c(-6) is divided by (-51)/(-7) - (-4)/r?
5
Suppose -5*u + 33 = 13. Let p be (8/(-2))/((-2)/4). Let y = -5 + p. What is the remainder when u is divided by y?
1
Let b = 5 + 2. Suppose -9 = v - 4*v + f, -2*f + 26 = 5*v. Calculate the remainder when b is divided by v.
3
Let f be (-3 - -1) + -1 + 3. Suppose f = -5*t + 4*n + 76, -2*t + n + 36 = -2*n. Calculate the remainder when t is divided by 7.
5
Suppose -5*b = -0*b - 130. Calculate the remainder when b is divided by (-158)/(-22) + (-18)/99.
5
Let d = 520 - 200. Suppose -2*u + 6 = 0, 4*h - d = -4*u + 52. Calculate the remainder when h is divided by 23.
21
Suppose 10*o - 6*o = 88. What is the remainder when 63 is divided by o?
19
Let v be (5 - -29)*(-1 - -2). Suppose 3*m = 3*r + 18, 26 = 6*r - 7*r + 5*m. What is the remainder when -1 + (v + r)/1 is divided by 11?
10
Calculate the remainder when (72 - (3 - -5 - 4)) + 3 is divided by 29.
13
Suppose 1 + 5 = 3*q, 5*q = 3*a - 86. Suppose -5*o + c = -624, 3*c + 20 = 2*o - 227. What is the remainder when o is divided by a?
29
Suppose 0 = 2*i + 5*u - 31, 0*u + 3*u + 21 = i. Suppose b - 34 = z + 19, -53 = -b - z. What is the remainder when b is divided by i?
17
Let o = -1 - 0. Calculate the remainder when -2 - o - (1 - 29) is divided by 10.
7
Let k(o) = 3*o**2 + 3. Let t be k(4). Suppose z - 4*z + t = 0. Calculate the remainder when 32 is divided by z.
15
Suppose 2*f + 34 = 2. Suppose 110 = 3*v + 2*v. What is the remainder when v is divided by f/10*10/(-2)?
6
Let k(m) = 50*m**2 + m. Let s(i) = -2*i**2 - i + 17. What is the remainder when k(-1) is divided by s(0)?
15
Let a = 196 - 133. Calculate the remainder when a is divided by 24.
15
Suppose j + 8 = b + 25, -4*b - 38 = -2*j. What is the remainder when -6 + 3 - 2*-30 is divided by j?
12
Let z = 6 + -2. Calculate the remainder when 2 - (z + -3) - -18 is divided by ((-10)/6)/((-1)/6).
9
Calculate the remainder when 56 is divided by 1*(23 - 1)/2.
1
Suppose 4*m + 3 = 47. Suppose x - 11 - m = 0. Let z(d) = 10*d**2 + 2. Calculate the remainder when x is divided by z(-1).
10
Suppose -31 = -5*l + 24. Let j(v) = 2*v**2 - 9*v - 4. What is the remainder when j(7) is divided by l?
9
Let s = -47 + 101. What is the remainder when s is divided by 10?
4
What is the remainder when 242 is divided by 27/(-6)*64/(-6) - -1?
46
Let u(g) = -6*g + 6. Let z(v) = v - 1. Let a(k) = u(k) + 4*z(k). Let m be a(3). Calculate the remainder when (2 - (-10)/m)*-10 is divided by 3.
2
Let d(y) = -y**2 + 17*y + 15. Calculate the remainder when d(13) is divided by 18.
13
Let u(x) = x**2 - x - 5. Calculate the remainder when u(5) is divided by 8.
7
What is the remainder when (61/(-3))/((-12)/36) is divided by 16?
13
Let j be ((-15)/2)/(-5)*72. Calculate the remainder when 2 - (j/(-2))/3 is divided by 11.
9
Let n(x) = -x**2 + 6. Let r be n(0). Suppose 7*w - 8*w + 345 = 0. Suppose 0 = j - r*j + w. Calculate the remainder when j is divided by 18.
15
Let p be (3 + -108)/(3/(-4)). Suppose 4*x = -x - 5*k + 150, -p = -4*x + k. Calculate the remainder when x is divided by 12.
10
Let k(o) = -o - 3. Let c be k(-5). Calculate the remainder when 7 is divided by (5/c)/((-3)/(-6)).
2
Suppose 4*s - 20 = 2*s. Let i = 14 - s. Calculate the remainder when 5 is divided by i.
1
Let t = -6 - -9. Let a = 93 + -85. Calculate the remainder when a is divided by t.
2
Let x = 3 + 5. Let o = -10 - -15. What is the remainder when x is divided by o?
3
Suppose 5*p + 5 = -0*p. Calculate the remainder when (p + -1)/(8/(-236)) is divided by 20.
19
Let i(c) = -17*c**3 + 2*c + 1. Let g be i(-1). Let o = g - -7. Suppose 2*s - 45 = o. What is the remainder when s is divided by 18?
16
Suppose 0 = 2*o - 27 - 63. Calculate the remainder when o is divided by 24.
21
Let f(k) = 12*k + 5. Let u be f(-2). What is the remainder when 46 is divided by 4/((-16)/12) - u?
14
Suppose -l + 73 = 2*w, -w = 4*l - 2*l - 161. Calculate the remainder when l is divided by 21.
20
Suppose h - 4 = -h. Suppose f - h*f = -101. Suppose 0 = -c - z - z + 39, -2*z - f = -3*c. Calculate the remainder when c is divided by 12.
11
Suppose 1 = -2*j - 27. Let f = -6 - j. What is the remainder when f is divided by 3?
2
Let h = 11 + -6. Suppose -h*m + 63 - 18 = 0. Calculate the remainder when 26 is divided by m.
8
Suppose 0 = -2*u + 7*u - 240. Let w = -22 + u. What is the remainder when w is divided by 14?
12
Let b = 3 + -6. Let u = b + 41. Calculate the remainder when u is divided by 13.
12
Suppose 0 = -4*a - 28 + 96. Let o(d) be the third derivative of d**4/8 + 7*d**3/6 - 4*d**2. Calculate the remainder when o(14) is divided by a.
15
Suppose 3*n + 30 = 8*n. Suppose 5*c + 3*a = 209, 2*a - 36 = -5*c + 170. What is the remainder when c is divided by n?
4
Suppose -17 = -3*g + 5*d, -5*d = 5*g - d - 16. Suppose 0 = 2*y - y - 2. What is the remainder when g is divided by y?
0
Suppose 0 = -2*k + m - 14, 5*m + 8 + 12 = -5*k. Let a(q) = -q - 2. Calculate the remainder when a(-5) is divided by 12/7 - k/21.
1
Suppose 87 = -7*k + 374. What is the remainder when 79 is divided by k?
38
Let n = -6 + 12. Let g be (n/(-4))/((-9)/12). Let l(p) = p**3 + p**2 + p - 2. Calculate the remainder when 22 is divided by l(g).
10
Let z(r) = r + 18. Let g be z(-9). Suppose 90 = -4*x + g*x. Suppose 4*a + 41 = 5*a - 3*l, -3*l - 6 = 0. Calculate the remainder when a is divided by x.
17
Suppose -6*z + 77 = -19. Suppose m + 5*i - 32 = 0, -2*i + 41 = 3*m - 2*m. Calculate the remainder when m is divided by z.
15
Let o = -12 + 26. Let k = -32 + 79. Suppose -40 = -2*l + u + k, 4*l - 169 = u. What is the remainder when l is divided by o?
13
Calculate the remainder when 2/3 + 104/6 is divided by 7.
4
Let o = -66 - -79. Calculate the remainder when 191 is divided by o.
9
Let w = 14 + 0. Suppose -3*l = -2*l - 54. Calculate the remainder when l is divided by w.
12
Let z = -20 + 56. Let t(j) = -j + 6. Let r be t(6). Suppose -2*a - 2*a + 52 = r. What is the remainder when z is divided by a?
10
Calculate the remainder when 83 is divided by (-3)/(12/(-10))*(1 + 9).
8
Let h be 0/((-12)/(-4) - 2). Suppose h = 2*v - 1 - 5. Calculate the remainder when v is divided by 3.
0
Let g be (54/(-30))/(1/(-5)). Suppose -g = -y - 0*y. Calculate the remainder when y is divided by (-3 - -5) + 3/1.
4
Suppose -5*a + a = 240. Let z = -37 - a. What is the remainder when z is divided by 7?
2
Let z = -79 - -88. What is the remainder when 168 is divided by z?
6
Suppose 3*w + 3*x - 84 = 0, -3*x - 84 = -4*w - 0*x. What is the remainder when 71 is divided by w?
23
Let c(w) be the third derivative of w**4/24 - w**3/3 + w**2. Calculate the remainder when 3 is divided by c(5).
0
Suppose 2*m = 4*u - 104, -2*m = -3*m. Supp